{"id":891,"date":"2023-06-05T16:11:56","date_gmt":"2023-06-05T13:11:56","guid":{"rendered":"https:\/\/uusi.soderlund.fi\/?page_id=891"},"modified":"2023-06-09T14:58:32","modified_gmt":"2023-06-09T11:58:32","slug":"logomon-siltakilpailu","status":"publish","type":"page","link":"https:\/\/uusi.soderlund.fi\/?page_id=891","title":{"rendered":"Logomon siltakilpailu"},"content":{"rendered":"<div class=\"wp-block-image\">\n<figure class=\"aligncenter size-full\"><img loading=\"lazy\" decoding=\"async\" width=\"844\" height=\"595\" src=\"http:\/\/uusi.soderlund.fi\/wp-content\/uploads\/2021\/06\/largescale11-1.jpg\" alt=\"\" class=\"wp-image-65\" srcset=\"https:\/\/uusi.soderlund.fi\/wp-content\/uploads\/2021\/06\/largescale11-1.jpg 844w, https:\/\/uusi.soderlund.fi\/wp-content\/uploads\/2021\/06\/largescale11-1-300x211.jpg 300w, https:\/\/uusi.soderlund.fi\/wp-content\/uploads\/2021\/06\/largescale11-1-768x541.jpg 768w\" sizes=\"auto, (max-width: 844px) 100vw, 844px\" \/><\/figure>\n<\/div>\n\n\n<div class=\"wp-block-columns is-layout-flex wp-container-core-columns-is-layout-9d6595d7 wp-block-columns-is-layout-flex\">\n<div class=\"wp-block-column is-layout-flow wp-block-column-is-layout-flow\" style=\"flex-basis:25%\"><\/div>\n\n\n\n<div class=\"wp-block-column is-layout-flow wp-block-column-is-layout-flow\" style=\"flex-basis:50%\">\n<p>Turun p\u00e4\u00e4rautatieaseman ratapihan p\u00e4\u00e4lle suunniteltavasta k\u00e4velysillasta j\u00e4rjestettiin kilpailu, joka p\u00e4\u00e4ttyi kes\u00e4ll\u00e4 2016 ehdotuksemme sijoittuessa kilpailun toiselle sijalle. Kyseess\u00e4 oli kutsukilpailu, johon valittiin 6 parhaaksi arvioitua ty\u00f6ryhm\u00e4\u00e4. Arkkitehtitoimistomme lis\u00e4ksi ty\u00f6ryhm\u00e4\u00e4mme kuuluivat my\u00f6s Suomen johtava siltasuunnittelija WSP Finland Pekka Pulkkisen ja Esko J\u00e4rvenp\u00e4\u00e4n johdolla, Arkkitehtitoimisto Jussi Tervaoja, energia- ja valaistussuunnittelija Janne K\u00e4pylehto sek\u00e4 kansainv\u00e4lisesti tunnustettu saaristolainen muotoilija Stefan Lindfors.<\/p>\n<\/div>\n\n\n\n<div class=\"wp-block-column is-layout-flow wp-block-column-is-layout-flow\" style=\"flex-basis:25%\"><\/div>\n<\/div>\n\n\n<div class=\"wp-block-image\">\n<figure class=\"aligncenter size-large\"><img loading=\"lazy\" decoding=\"async\" width=\"1024\" height=\"723\" src=\"http:\/\/uusi.soderlund.fi\/wp-content\/uploads\/2021\/06\/largescale13-1024x723.jpg\" alt=\"\" class=\"wp-image-67\" srcset=\"https:\/\/uusi.soderlund.fi\/wp-content\/uploads\/2021\/06\/largescale13-1024x723.jpg 1024w, https:\/\/uusi.soderlund.fi\/wp-content\/uploads\/2021\/06\/largescale13-300x212.jpg 300w, https:\/\/uusi.soderlund.fi\/wp-content\/uploads\/2021\/06\/largescale13-768x542.jpg 768w, https:\/\/uusi.soderlund.fi\/wp-content\/uploads\/2021\/06\/largescale13-1536x1085.jpg 1536w, https:\/\/uusi.soderlund.fi\/wp-content\/uploads\/2021\/06\/largescale13.jpg 1756w\" sizes=\"auto, (max-width: 1024px) 100vw, 1024px\" \/><\/figure>\n<\/div>\n\n\n<div class=\"wp-block-columns is-layout-flex wp-container-core-columns-is-layout-9d6595d7 wp-block-columns-is-layout-flex\">\n<div class=\"wp-block-column is-layout-flow wp-block-column-is-layout-flow\" style=\"flex-basis:25%\"><\/div>\n\n\n\n<div class=\"wp-block-column is-layout-flow wp-block-column-is-layout-flow\" style=\"flex-basis:50%\">\n<p>Ehdotuksessamme merkitt\u00e4v\u00e4\u00e4 on idea Puolalanm\u00e4en l\u00e4pi kulkevasta k\u00e4velytunnelista, joka yhdist\u00e4isi juna-aseman sek\u00e4 Logomon liike- ja kulttuurikeskuksen tiiviisti osaksi Turun toria ja vilkkainta keskustaa. Ehdotus sai kiitosta rohkeasta ja ainutkertaisesta ulkomuodostaan, joka &#8221;&#8230;on itsen\u00e4inen ja omaehtoinen taideteos&#8221;, sek\u00e4 toiminnallisuudestaan ja eri k\u00e4ytt\u00e4j\u00e4ryhmien kattavasta huomioon ottamisesta.<\/p>\n<\/div>\n\n\n\n<div class=\"wp-block-column is-layout-flow wp-block-column-is-layout-flow\" style=\"flex-basis:25%\"><\/div>\n<\/div>\n\n\n\n<div class=\"wp-block-columns is-layout-flex wp-container-core-columns-is-layout-9d6595d7 wp-block-columns-is-layout-flex\">\n<div class=\"wp-block-column is-layout-flow wp-block-column-is-layout-flow\">\n<figure class=\"wp-block-image size-full\"><img loading=\"lazy\" decoding=\"async\" width=\"842\" height=\"595\" src=\"http:\/\/uusi.soderlund.fi\/wp-content\/uploads\/2021\/06\/largescale10.jpg\" alt=\"\" class=\"wp-image-64\" srcset=\"https:\/\/uusi.soderlund.fi\/wp-content\/uploads\/2021\/06\/largescale10.jpg 842w, https:\/\/uusi.soderlund.fi\/wp-content\/uploads\/2021\/06\/largescale10-300x212.jpg 300w, https:\/\/uusi.soderlund.fi\/wp-content\/uploads\/2021\/06\/largescale10-768x543.jpg 768w\" sizes=\"auto, (max-width: 842px) 100vw, 842px\" \/><\/figure>\n<\/div>\n\n\n\n<div class=\"wp-block-column is-layout-flow wp-block-column-is-layout-flow\">\n<figure class=\"wp-block-image size-large\"><img loading=\"lazy\" decoding=\"async\" width=\"1024\" height=\"722\" src=\"http:\/\/uusi.soderlund.fi\/wp-content\/uploads\/2021\/06\/largescale12-1024x722.jpg\" alt=\"\" class=\"wp-image-66\" srcset=\"https:\/\/uusi.soderlund.fi\/wp-content\/uploads\/2021\/06\/largescale12-1024x722.jpg 1024w, https:\/\/uusi.soderlund.fi\/wp-content\/uploads\/2021\/06\/largescale12-300x212.jpg 300w, https:\/\/uusi.soderlund.fi\/wp-content\/uploads\/2021\/06\/largescale12-768x542.jpg 768w, https:\/\/uusi.soderlund.fi\/wp-content\/uploads\/2021\/06\/largescale12.jpg 1280w\" sizes=\"auto, (max-width: 1024px) 100vw, 1024px\" \/><\/figure>\n<\/div>\n<\/div>\n","protected":false},"excerpt":{"rendered":"<p>Turun p\u00e4\u00e4rautatieaseman ratapihan p\u00e4\u00e4lle suunniteltavasta k\u00e4velysillasta j\u00e4rjestettiin kilpailu, joka p\u00e4\u00e4ttyi kes\u00e4ll\u00e4 2016 ehdotuksemme sijoittuessa kilpailun toiselle sijalle. Kyseess\u00e4 oli kutsukilpailu, johon valittiin 6 parhaaksi [&hellip;]<\/p>\n","protected":false},"author":1,"featured_media":0,"parent":0,"menu_order":0,"comment_status":"closed","ping_status":"closed","template":"","meta":{"_uf_show_specific_survey":0,"_uf_disable_surveys":false,"ngg_post_thumbnail":0,"footnotes":""},"class_list":["post-891","page","type-page","status-publish","hentry"],"_links":{"self":[{"href":"https:\/\/uusi.soderlund.fi\/index.php?rest_route=\/wp\/v2\/pages\/891","targetHints":{"allow":["GET"]}}],"collection":[{"href":"https:\/\/uusi.soderlund.fi\/index.php?rest_route=\/wp\/v2\/pages"}],"about":[{"href":"https:\/\/uusi.soderlund.fi\/index.php?rest_route=\/wp\/v2\/types\/page"}],"author":[{"embeddable":true,"href":"https:\/\/uusi.soderlund.fi\/index.php?rest_route=\/wp\/v2\/users\/1"}],"replies":[{"embeddable":true,"href":"https:\/\/uusi.soderlund.fi\/index.php?rest_route=%2Fwp%2Fv2%2Fcomments&post=891"}],"version-history":[{"count":5,"href":"https:\/\/uusi.soderlund.fi\/index.php?rest_route=\/wp\/v2\/pages\/891\/revisions"}],"predecessor-version":[{"id":1154,"href":"https:\/\/uusi.soderlund.fi\/index.php?rest_route=\/wp\/v2\/pages\/891\/revisions\/1154"}],"wp:attachment":[{"href":"https:\/\/uusi.soderlund.fi\/index.php?rest_route=%2Fwp%2Fv2%2Fmedia&parent=891"}],"curies":[{"name":"wp","href":"https:\/\/api.w.org\/{rel}","templated":true}]}}