{"id":177,"date":"2021-06-16T09:14:58","date_gmt":"2021-06-16T06:14:58","guid":{"rendered":"http:\/\/uusi.soderlund.fi\/?page_id=177"},"modified":"2025-05-14T13:42:34","modified_gmt":"2025-05-14T10:42:34","slug":"etusivu","status":"publish","type":"page","link":"https:\/\/uusi.soderlund.fi\/?page_id=177","title":{"rendered":"Etusivu"},"content":{"rendered":"\n<h2 class=\"wp-block-heading has-text-align-center\" id=\"u362170-4\" style=\"font-size:30px\">Saariston arkkitehtitoimisto suunnittelee unelmistasi totta &#8211; yli 30 vuoden kokemuksella!<\/h2>\n\n\n\n<div style=\"height:50px\" aria-hidden=\"true\" class=\"wp-block-spacer\"><\/div>\n\n\n\n<div class=\"wp-block-columns is-layout-flex wp-container-core-columns-is-layout-9d6595d7 wp-block-columns-is-layout-flex\">\n<div class=\"wp-block-column is-layout-flow wp-block-column-is-layout-flow\">\n<div class=\"wp-block-columns is-layout-flex wp-container-core-columns-is-layout-9d6595d7 wp-block-columns-is-layout-flex\">\n<div class=\"wp-block-column is-layout-flow wp-block-column-is-layout-flow\" style=\"flex-basis:25%\"><\/div>\n\n\n\n<div class=\"wp-block-column is-layout-flow wp-block-column-is-layout-flow\" style=\"flex-basis:50%\">\n<p>Saaristolainen Arkkitehtitoimisto Aaro S\u00f6derlund Oy (per 1990) on erikoistunut r\u00e4\u00e4t\u00e4l\u00f6ityjen loma-asuntojen, asuntojen, sivuasuntojen, harrastetilojen, saunojen ja vierasmajojen, majoitus-, matkailu- ja toimitilarakennusten &#8211; kelluvienkin &#8211; sek\u00e4 venesatamien suunnitteluun. Laadimme my\u00f6s ranta-asemakaavoja.<\/p>\n\n\n\n<p>Tavoitteenamme ovat kultivoidut, viihtyis\u00e4t, monik\u00e4ytt\u00f6iset, aikaa ja olosuhteita kest\u00e4v\u00e4t ratkaisut. Panostamme suunnitteluprosessin laatuun. Ty\u00f6 etenee selkeiss\u00e4 vaiheissa tiiviiss\u00e4 vuorovaikutuksessa asiakkaamme kanssa, havainnollista 3D-tekniikkaa hy\u00f6dynt\u00e4en. Laserkeilattujen tarkkojen maastomallien avulla saadaan rakennukset suunniteltua huolellisesti paikoilleen. Virtuaalimalleissamme katsoja p\u00e4\u00e4see liikkumaan itsen\u00e4isesti kohteessa jo ennen sen rakentamista. Havainnekuvamme ovat tarvittaessa valokuvamaisen tarkkoja. <\/p>\n\n\n\n<p>Yhteydenpito viranomaisten kanssa jatkuu katkeamattomana koko suunnitteluprosessin ajan. N\u00e4in haluamme ennakoida mahdolliset yll\u00e4tt\u00e4v\u00e4t viranomaisk\u00e4\u00e4nteet ja valvoa asiakkaamme etua.<\/p>\n\n\n\n<p><strong>Arkkitehdin palveluita k\u00e4ytt\u00e4m\u00e4ll\u00e4 voitte edist\u00e4\u00e4 rakennuskulttuuria ja ymp\u00e4rist\u00f6arvoja, samoin toimivuutta ja k\u00e4ytt\u00e4jien el\u00e4m\u00e4narvoa &#8211; sek\u00e4 jalostaa suunnittelukohteen j\u00e4lleenmyyntiarvoa.<\/strong><\/p>\n<\/div>\n\n\n\n<div class=\"wp-block-column is-layout-flow wp-block-column-is-layout-flow\" style=\"flex-basis:25%\"><\/div>\n<\/div>\n<\/div>\n<\/div>\n\n\n\n<div style=\"height:40px\" aria-hidden=\"true\" class=\"wp-block-spacer\"><\/div>\n\n\n\n<hr class=\"wp-block-separator has-css-opacity is-style-wide\"\/>\n\n\n\n<div style=\"height:40px\" aria-hidden=\"true\" class=\"wp-block-spacer\"><\/div>\n\n\n\n<div class=\"wp-block-columns is-layout-flex wp-container-core-columns-is-layout-9d6595d7 wp-block-columns-is-layout-flex\">\n<div class=\"wp-block-column is-layout-flow wp-block-column-is-layout-flow\" style=\"flex-basis:66.66%\">\n<div class=\"wp-block-columns is-layout-flex wp-container-core-columns-is-layout-9d6595d7 wp-block-columns-is-layout-flex\">\n<div class=\"wp-block-column is-layout-flow wp-block-column-is-layout-flow\">\n<figure class=\"wp-block-image size-large\"><img loading=\"lazy\" decoding=\"async\" width=\"819\" height=\"1024\" src=\"https:\/\/uusi.soderlund.fi\/wp-content\/uploads\/2025\/05\/unnamed-819x1024.jpg\" alt=\"\" class=\"wp-image-1477\" srcset=\"https:\/\/uusi.soderlund.fi\/wp-content\/uploads\/2025\/05\/unnamed-819x1024.jpg 819w, https:\/\/uusi.soderlund.fi\/wp-content\/uploads\/2025\/05\/unnamed-240x300.jpg 240w, https:\/\/uusi.soderlund.fi\/wp-content\/uploads\/2025\/05\/unnamed-768x960.jpg 768w, https:\/\/uusi.soderlund.fi\/wp-content\/uploads\/2025\/05\/unnamed-1229x1536.jpg 1229w, https:\/\/uusi.soderlund.fi\/wp-content\/uploads\/2025\/05\/unnamed-1638x2048.jpg 1638w, https:\/\/uusi.soderlund.fi\/wp-content\/uploads\/2025\/05\/unnamed-scaled.jpg 2048w\" sizes=\"auto, (max-width: 819px) 100vw, 819px\" \/><\/figure>\n<\/div>\n\n\n\n<div class=\"wp-block-column is-vertically-aligned-center is-layout-flow wp-block-column-is-layout-flow\">\n<p><\/p>\n\n\n\n<p style=\"font-size:20px\"><br><strong>Aaro S\u00f6derlund<\/strong><\/p>\n\n\n\n<p style=\"font-size:20px\"><strong>Arkkitehti SAFA<\/strong><\/p>\n\n\n\n<p style=\"font-size:20px\"><strong>N\u00e4sbyntie 192<\/strong><\/p>\n\n\n\n<p style=\"font-size:20px\"><strong>21760 HOUTSKARI<\/strong><\/p>\n\n\n\n<p style=\"font-size:20px\"><strong><a href=\"tel:358400857099\">+358 400 857099<\/a><\/strong><\/p>\n\n\n\n<p style=\"font-size:20px\"><strong><a href=\"mailto:aaro@soderlund.fi\">aaro@soderlund.fi<\/a><\/strong><\/p>\n<\/div>\n<\/div>\n<\/div>\n\n\n\n<div class=\"wp-block-column is-vertically-aligned-center is-layout-flow wp-block-column-is-layout-flow\" style=\"flex-basis:33.33%\">\t\t<div id=\"wpmapblock_442c9f22\" data-settings='{&quot;map_marker&quot;:[{&quot;id&quot;:&quot;0&quot;,&quot;lat&quot;:&quot;60.223346&quot;,&quot;lng&quot;:&quot;21.369386&quot;,&quot;title&quot;:&quot;Toimiston sijainti&quot;,&quot;content&quot;:&quot;&quot;,&quot;iconType&quot;:&quot;default&quot;,&quot;customIconUrl&quot;:&quot;&quot;,&quot;customIconWidth&quot;:&quot;25&quot;,&quot;customIconHeight&quot;:&quot;40&quot;}],&quot;map_zoom&quot;:10,&quot;scroll_wheel_zoom&quot;:false,&quot;map_type&quot;:&quot;GM&quot;,&quot;center_index&quot;:0}' class=\"wpmapblockrender\" style=\"\n\t\t\twidth: 100%;\n\t\t\theight: 380px;\n\t\t\"><\/div>\n        <\/div>\n<\/div>\n\n\n\n<div style=\"height:40px\" aria-hidden=\"true\" class=\"wp-block-spacer\"><\/div>\n\n\n\n<hr class=\"wp-block-separator has-css-opacity is-style-wide\"\/>\n\n\n\n<div class=\"wp-block-columns is-layout-flex wp-container-core-columns-is-layout-9d6595d7 wp-block-columns-is-layout-flex\">\n<div class=\"wp-block-column is-layout-flow wp-block-column-is-layout-flow\"><\/div>\n\n\n\n<div class=\"wp-block-column is-layout-flow wp-block-column-is-layout-flow\">\n<figure class=\"wp-block-image size-large\"><img loading=\"lazy\" decoding=\"async\" width=\"1024\" height=\"251\" src=\"https:\/\/uusi.soderlund.fi\/wp-content\/uploads\/2024\/10\/TEXTLEFT_BLACK_1080x265-1024x251.png\" alt=\"\" class=\"wp-image-1430\" srcset=\"https:\/\/uusi.soderlund.fi\/wp-content\/uploads\/2024\/10\/TEXTLEFT_BLACK_1080x265-1024x251.png 1024w, https:\/\/uusi.soderlund.fi\/wp-content\/uploads\/2024\/10\/TEXTLEFT_BLACK_1080x265-300x74.png 300w, https:\/\/uusi.soderlund.fi\/wp-content\/uploads\/2024\/10\/TEXTLEFT_BLACK_1080x265-768x188.png 768w, https:\/\/uusi.soderlund.fi\/wp-content\/uploads\/2024\/10\/TEXTLEFT_BLACK_1080x265.png 1080w\" sizes=\"auto, (max-width: 1024px) 100vw, 1024px\" \/><\/figure>\n<\/div>\n<\/div>\n","protected":false},"excerpt":{"rendered":"<p>Saariston arkkitehtitoimisto suunnittelee unelmistasi totta &#8211; yli 30 vuoden kokemuksella! Saaristolainen Arkkitehtitoimisto Aaro S\u00f6derlund Oy (per 1990) on erikoistunut r\u00e4\u00e4t\u00e4l\u00f6ityjen loma-asuntojen, asuntojen, sivuasuntojen, harrastetilojen, [&hellip;]<\/p>\n","protected":false},"author":1,"featured_media":0,"parent":0,"menu_order":0,"comment_status":"closed","ping_status":"closed","template":"","meta":{"_uf_show_specific_survey":0,"_uf_disable_surveys":false,"ngg_post_thumbnail":0,"footnotes":""},"class_list":["post-177","page","type-page","status-publish","hentry"],"_links":{"self":[{"href":"https:\/\/uusi.soderlund.fi\/index.php?rest_route=\/wp\/v2\/pages\/177","targetHints":{"allow":["GET"]}}],"collection":[{"href":"https:\/\/uusi.soderlund.fi\/index.php?rest_route=\/wp\/v2\/pages"}],"about":[{"href":"https:\/\/uusi.soderlund.fi\/index.php?rest_route=\/wp\/v2\/types\/page"}],"author":[{"embeddable":true,"href":"https:\/\/uusi.soderlund.fi\/index.php?rest_route=\/wp\/v2\/users\/1"}],"replies":[{"embeddable":true,"href":"https:\/\/uusi.soderlund.fi\/index.php?rest_route=%2Fwp%2Fv2%2Fcomments&post=177"}],"version-history":[{"count":73,"href":"https:\/\/uusi.soderlund.fi\/index.php?rest_route=\/wp\/v2\/pages\/177\/revisions"}],"predecessor-version":[{"id":1482,"href":"https:\/\/uusi.soderlund.fi\/index.php?rest_route=\/wp\/v2\/pages\/177\/revisions\/1482"}],"wp:attachment":[{"href":"https:\/\/uusi.soderlund.fi\/index.php?rest_route=%2Fwp%2Fv2%2Fmedia&parent=177"}],"curies":[{"name":"wp","href":"https:\/\/api.w.org\/{rel}","templated":true}]}}